{"id":2661,"date":"2017-02-11T05:51:53","date_gmt":"2017-02-11T05:51:53","guid":{"rendered":"http:\/\/themes.potenzaglobal.com\/cardealer\/?page_id=2661"},"modified":"2023-08-18T08:32:34","modified_gmt":"2023-08-18T06:32:34","slug":"kontakt","status":"publish","type":"page","link":"https:\/\/aslfinance.eu\/index.php\/kontakt\/","title":{"rendered":"Kontakt"},"content":{"rendered":"<p>[vc_row][vc_column]\t<div id=\"cd_space_69f463d562984\" class=\"cd-space cd-space-69f463d56299d\" data-id=\"69f463d562983\" data-tablet=\"70\" data-tablet-portrait=\"60\" data-mobile=\"50\" data-mobile-portrait=\"40\" data-desktop=\"80\" style=\"clear:both; display:block;\"><\/div>\n\t\t<div class=\"section-title text-center style_1\">\n\t\t\t\t\t\t<span>INFORM\u00c1CIE<\/span>\n\t\t\t\t\t\t\t<h1>NEV\u00c1HAJTE N\u00c1S KONTAKTOVA\u0164!<\/h1>\n\t\t\t\t\t\t\t<div class=\"separator\"><\/div>\n\t\t\t\t\t<\/div>\n\t[vc_row_inner][vc_column_inner width=&#8221;1\/2&#8243; css=&#8221;.vc_custom_1486988325061{margin-bottom: 30px !important;}&#8221; offset=&#8221;vc_col-lg-3 vc_col-md-3&#8243;]\t<div id=\"cd_feature_box_cd_feature_box_69f463d5629d2\" class=\"feature-box feature-border style-4  vc_custom_1630497587896 default-feature box-hover no-image\t\t\t\t\t\t\">\n\t\t\t\t<div class=\"icon\">\n\t\t\t<i class=\"fas fa-phone-alt\"><\/i>\n\t\t<\/div>\n\t\t<div class=\"content\">\n\t\t\t<a  id=\"cd_feature_box_69f463d5629d2\">        \t\t\n\t\t\t\t<h6>Telef\u00f3n<\/h6>\t\t\t<\/a>\n\t\t\t<p>+421 917 688 888<\/p>\t\t<\/div>\n\t<\/div>\n\t[\/vc_column_inner][vc_column_inner width=&#8221;1\/2&#8243; css=&#8221;.vc_custom_1486988337707{margin-bottom: 30px !important;}&#8221; offset=&#8221;vc_col-lg-3 vc_col-md-3&#8243;]\t<div id=\"cd_feature_box_cd_feature_box_69f463d562a03\" class=\"feature-box feature-border style-4  vc_custom_1630497674844 default-feature box-hover no-image\t\t\t\t\t\t\">\n\t\t\t\t<div class=\"icon\">\n\t\t\t<i class=\"fas fa-at\"><\/i>\n\t\t<\/div>\n\t\t<div class=\"content\">\n\t\t\t<a  id=\"cd_feature_box_69f463d562a03\">        \t\t\n\t\t\t\t<h6>Email<\/h6>\t\t\t<\/a>\n\t\t\t<p>info@aslfinance.com<\/p>\t\t<\/div>\n\t<\/div>\n\t[\/vc_column_inner][vc_column_inner width=&#8221;1\/2&#8243; css=&#8221;.vc_custom_1486988349273{margin-bottom: 30px !important;}&#8221; offset=&#8221;vc_col-lg-3 vc_col-md-3&#8243;]\t<div id=\"cd_feature_box_cd_feature_box_69f463d562a1d\" class=\"feature-box feature-border style-4  vc_custom_1630944816729 default-feature box-hover no-image\t\t\t\t\t\t\">\n\t\t\t\t<div class=\"icon\">\n\t\t\t<i class=\"fas fa-map-marker-alt\"><\/i>\n\t\t<\/div>\n\t\t<div class=\"content\">\n\t\t\t<a  id=\"cd_feature_box_69f463d562a1d\">        \t\t\n\t\t\t\t<h6>Adresa prev\u00e1dzky<\/h6>\t\t\t<\/a>\n\t\t\t<p>Ra\u010dianska 184\/B Bratislava 83153<\/p>\t\t<\/div>\n\t<\/div>\n\t[\/vc_column_inner][vc_column_inner width=&#8221;1\/2&#8243; css=&#8221;.vc_custom_1486988312064{margin-bottom: 30px !important;}&#8221; offset=&#8221;vc_col-lg-3 vc_col-md-3&#8243;]\t<div id=\"cd_feature_box_cd_feature_box_69f463d562a32\" class=\"feature-box feature-border style-4  vc_custom_1630497913219 default-feature box-hover no-image\t\t\t\t\t\t\">\n\t\t\t\t<div class=\"icon\">\n\t\t\t<i class=\"fas fa-map-marker-alt\"><\/i>\n\t\t<\/div>\n\t\t<div class=\"content\">\n\t\t\t<a  id=\"cd_feature_box_69f463d562a32\">        \t\t\n\t\t\t\t<h6>Adresa firmy<\/h6>\t\t\t<\/a>\n\t\t\t<p>ASL FINANCE S.R.O., I\u010cO: 46 203 281, DI\u010c: 2023282085, I\u010c DPH : SK 2023282085, Ra\u010dianska 155, 831 53 Bratislava<\/p>\t\t<\/div>\n\t<\/div>\n\t[\/vc_column_inner][\/vc_row_inner]\t<div id=\"cd_space_69f463d562a46\" class=\"cd-space cd-space-69f463d562a48\" data-id=\"69f463d562a45\" data-tablet=\"25\" data-tablet-portrait=\"5\" data-mobile=\"25\" data-mobile-portrait=\"20\" data-desktop=\"25\" style=\"clear:both; display:block;\"><\/div>\n\t[vc_row_inner][vc_column_inner width=&#8221;1\/2&#8243; css=&#8221;.vc_custom_1486988381236{margin-bottom: 30px !important;}&#8221; offset=&#8221;vc_col-lg-8 vc_col-md-6&#8243;][vc_column_text]<div role=\"form\" class=\"wpcf7\" id=\"wpcf7-f2736-o1\" lang=\"en-US\" dir=\"ltr\">\n<div class=\"screen-reader-response\"><p role=\"status\" aria-live=\"polite\" aria-atomic=\"true\"><\/p> <ul><\/ul><\/div>\n<form action=\"\/index.php\/wp-json\/wp\/v2\/pages\/2661#wpcf7-f2736-o1\" method=\"post\" class=\"wpcf7-form init\" novalidate=\"novalidate\" data-status=\"init\">\n<div style=\"display: none;\">\n<input type=\"hidden\" name=\"_wpcf7\" value=\"2736\" \/>\n<input type=\"hidden\" name=\"_wpcf7_version\" value=\"5.4.2\" \/>\n<input type=\"hidden\" name=\"_wpcf7_locale\" value=\"en_US\" \/>\n<input type=\"hidden\" name=\"_wpcf7_unit_tag\" value=\"wpcf7-f2736-o1\" \/>\n<input type=\"hidden\" name=\"_wpcf7_container_post\" value=\"0\" \/>\n<input type=\"hidden\" name=\"_wpcf7_posted_data_hash\" value=\"\" \/>\n<input type=\"hidden\" name=\"cdhl_skip_fields\" value=\"\" \/>\n<\/div>\n<div class=\"contact-form row\">\n<div class=\"col-lg-4 col-md-4\">\n<div class=\"form-group\">\n\t\t\t<span class=\"wpcf7-form-control-wrap name\"><input type=\"text\" name=\"name\" value=\"\" size=\"40\" class=\"wpcf7-form-control wpcf7-text wpcf7-validates-as-required form-control\" aria-required=\"true\" aria-invalid=\"false\" placeholder=\"Meno*\" \/><\/span>\n\t\t<\/div>\n<\/div>\n<div class=\"col-lg-4 col-md-4\">\n<div class=\"form-group\">\n\t\t\t<span class=\"wpcf7-form-control-wrap email\"><input type=\"email\" name=\"email\" value=\"\" size=\"40\" class=\"wpcf7-form-control wpcf7-text wpcf7-email wpcf7-validates-as-required wpcf7-validates-as-email form-control\" aria-required=\"true\" aria-invalid=\"false\" placeholder=\"Email*\" \/><\/span>\n\t\t<\/div>\n<\/div>\n<div class=\"col-lg-4 col-md-4\">\n<div class=\"form-group\">\n\t\t\t<span class=\"wpcf7-form-control-wrap phone\"><input type=\"text\" name=\"phone\" value=\"\" size=\"40\" class=\"wpcf7-form-control wpcf7-text wpcf7-validates-as-required form-control input-message\" aria-required=\"true\" aria-invalid=\"false\" placeholder=\"Telef\u00f3n*\" \/><\/span>\n\t\t<\/div>\n<\/div>\n<div class=\"col-lg-12 col-md-12\">\n<div class=\"form-group\">\n\t\t\t<span class=\"wpcf7-form-control-wrap comment\"><textarea name=\"comment\" cols=\"40\" rows=\"10\" class=\"wpcf7-form-control wpcf7-textarea wpcf7-validates-as-required form-control\" aria-required=\"true\" aria-invalid=\"false\" placeholder=\"Spr\u00e1va*\"><\/textarea><\/span>\n\t\t<\/div>\n<\/div>\n<div class=\"col-lg-12 col-md-12\">\n\t\t   <input type=\"submit\" value=\"Odosla\u0165\" class=\"wpcf7-form-control wpcf7-submit button red\" \/>\n\t<\/div>\n<\/div>\n<div class=\"wpcf7-response-output\" aria-hidden=\"true\"><\/div><\/form><\/div>[\/vc_column_text][\/vc_column_inner][vc_column_inner width=&#8221;1\/2&#8243; css=&#8221;.vc_custom_1486988394617{margin-bottom: 30px !important;}&#8221; offset=&#8221;vc_col-lg-4 vc_col-md-6&#8243;]\t<div class=\"opening-hours gray-bg\">\n\t\t<h6>Otv\u00e1racia doba<\/h6>\n\t\t<ul class=\"list-style-none\">                \n\t\t\t<li><strong>Pondelok<\/strong>\n\t\t\t\t\t\t\t\t\t<span>9:00-17:00 (obed 11:00-12:00)<\/span>\t\t\t<\/li>\n\n\t\t\t<li><strong>Utorok<\/strong>\n\t\t\t\t\t\t\t\t\t<span>9:00-17:00 (obed 11:00-12:00)<\/span>\n\t\t\t\t\t\t\t<\/li>\n\t\t\t<li><strong>Streda<\/strong>\n\t\t\t\t\t\t\t\t\t<span>9:00-17:00 (obed 11:00-12:00)<\/span>\n\t\t\t\t\t\t\t<\/li>\n\t\t\t<li><strong>\u0160tvrtok<\/strong>\n\t\t\t\t\t\t\t\t\t<span>9:00-17:00 (obed 11:00-12:00)<\/span>\n\t\t\t\t\t\t\t<\/li>\n\t\t\t<li><strong>Piatok<\/strong>\n\t\t\t\t\t\t\t\t\t<span>9:00-17:00 (obed 11:00-12:00)<\/span>\n\t\t\t\t\t\t\t<\/li>\n\t\t\t<li><strong>Sobota<\/strong>\n\t\t\t\t\t\t\t\t\t\t<span>9:00-12:00 (po dohode)<\/span>\n\t\t\t\t\t\t\t\t\t<\/li>\n\t\t\t\t<li><strong>Nede\u013ea<\/strong>\n\t\t\t\t\t\t\t\t\t\t\t<span>Zatvoren\u00e9<\/span>\n\t\t\t\t\t\t\t\t\t<\/li>\n\t\t\t<\/ul>\n\t\t<\/div>\n\t[\/vc_column_inner][\/vc_row_inner]\t<div id=\"cd_space_69f463d56313a\" class=\"cd-space cd-space-69f463d56313d\" data-id=\"69f463d563139\" data-tablet=\"50\" data-tablet-portrait=\"40\" data-mobile=\"30\" data-mobile-portrait=\"20\" data-desktop=\"60\" style=\"clear:both; display:block;\"><\/div>\n\t[vc_row_inner][vc_column_inner width=&#8221;1\/3&#8243; css=&#8221;.vc_custom_1633454448424{margin-bottom: 30px !important;}&#8221; offset=&#8221;vc_col-lg-4 vc_col-md-3&#8243;]\t<div id=\"cd_feature_box_cd_feature_box_69f463d56314c\" class=\"feature-box feature-border style-7 round-border box-hover no-image\t\t\t\t\t\t\">\n\t\t\t\t<div class=\"icon\">\n\t\t\t<i class=\"fas fa-user\"><\/i>\n\t\t<\/div>\n\t\t<div class=\"content\">\n\t\t\t<a  id=\"cd_feature_box_69f463d56314c\">        \t\t\n\t\t\t\t<h6>Jozef Petr\u00edk<\/h6>\t\t\t<\/a>\n\t\t\t<p>Konate\u013e<\/p>\t\t<\/div>\n\t<\/div>\n\t[\/vc_column_inner][vc_column_inner width=&#8221;1\/3&#8243; css=&#8221;.vc_custom_1633454455696{margin-bottom: 30px !important;}&#8221; offset=&#8221;vc_col-lg-4 vc_col-md-3&#8243;]\t<div id=\"cd_feature_box_cd_feature_box_69f463d563161\" class=\"feature-box feature-border style-7 round-border box-hover no-image\t\t\t\t\t\t\">\n\t\t\t\t<div class=\"icon\">\n\t\t\t<i class=\"fas fa-user\"><\/i>\n\t\t<\/div>\n\t\t<div class=\"content\">\n\t\t\t<a  id=\"cd_feature_box_69f463d563161\">        \t\t\n\t\t\t\t<h6>Rudolf Valach<\/h6>\t\t\t<\/a>\n\t\t\t<p>Predaj a leasing vozidiel<\/p>\t\t<\/div>\n\t<\/div>\n\t[vc_empty_space height=&#8221;36px&#8221;]\t<div id=\"cd_feature_box_cd_feature_box_69f463d563170\" class=\"feature-box feature-border style-7 round-border box-hover no-image\t\t\t\t\t\t\">\n\t\t\t\t<div class=\"icon\">\n\t\t\t<i class=\"fas fa-mobile-alt\"><\/i>\n\t\t<\/div>\n\t\t<div class=\"content\">\n\t\t\t<a  id=\"cd_feature_box_69f463d563170\">        \t\t\n\t\t\t\t<h6>+421 917 688 888<\/h6>\t\t\t<\/a>\n\t\t\t\t\t<\/div>\n\t<\/div>\n\t[\/vc_column_inner][vc_column_inner width=&#8221;1\/3&#8243; css=&#8221;.vc_custom_1633454462912{margin-bottom: 30px !important;}&#8221; offset=&#8221;vc_col-lg-4 vc_col-md-3&#8243;]\t<div id=\"cd_feature_box_cd_feature_box_69f463d563181\" class=\"feature-box feature-border style-7 round-border box-hover no-image\t\t\t\t\t\t\">\n\t\t\t\t<div class=\"icon\">\n\t\t\t<i class=\"fas fa-user\"><\/i>\n\t\t<\/div>\n\t\t<div class=\"content\">\n\t\t\t<a  id=\"cd_feature_box_69f463d563181\">        \t\t\n\t\t\t\t<h6>Martin Kub\u00e1ni<\/h6>\t\t\t<\/a>\n\t\t\t<p>Prihlasovanie vozidiel<\/p>\t\t<\/div>\n\t<\/div>\n\t[vc_empty_space height=&#8221;36px&#8221;]\t<div id=\"cd_feature_box_cd_feature_box_69f463d56318f\" class=\"feature-box feature-border style-7 round-border box-hover no-image\t\t\t\t\t\t\">\n\t\t\t\t<div class=\"icon\">\n\t\t\t<i class=\"fas fa-mobile-alt\"><\/i>\n\t\t<\/div>\n\t\t<div class=\"content\">\n\t\t\t<a  id=\"cd_feature_box_69f463d56318f\">        \t\t\n\t\t\t\t<h6>+421 917 688 888<\/h6>\t\t\t<\/a>\n\t\t\t\t\t<\/div>\n\t<\/div>\n\t[\/vc_column_inner][\/vc_row_inner]\t<div id=\"cd_space_69f463d56319c\" class=\"cd-space cd-space-69f463d56319d\" data-id=\"69f463d56319b\" data-tablet=\"50\" data-tablet-portrait=\"50\" data-mobile=\"50\" data-mobile-portrait=\"40\" data-desktop=\"50\" style=\"clear:both; display:block;\"><\/div>\n\t\t<div id=\"cd_space_69f463d5631a9\" class=\"cd-space cd-space-69f463d5631aa\" data-id=\"69f463d5631a8\" data-tablet=\"50\" data-tablet-portrait=\"50\" data-mobile=\"50\" data-mobile-portrait=\"40\" data-desktop=\"50\" style=\"clear:both; display:block;\"><\/div>\n\t[\/vc_column][\/vc_row][vc_row full_width=&#8221;stretch_row_content_no_spaces&#8221;][vc_column][vc_gmaps link=&#8221;#E-8_JTNDaWZyYW1lJTIwc3JjJTNEJTIyaHR0cHMlM0ElMkYlMkZtYXBzLmdvb2dsZS5jb20lMkZtYXBzJTNGcSUzRFJhJTI1QzQlMjU4RGlhbnNrYSUyNTIwMTU1JTI2dCUzRCUyNnolM0QxNSUyNmllJTNEVVRGOCUyNml3bG9jJTNEJTI2b3V0cHV0JTNEZW1iZWQlMjIlMjB3aWR0aCUzRCUyMjYwMCUyMiUyMGhlaWdodCUzRCUyMjQ1MCUyMiUyMGZyYW1lYm9yZGVyJTNEJTIyMCUyMiUyMHN0eWxlJTNEJTIyYm9yZGVyJTNBMCUyMiUyMGFsbG93ZnVsbHNjcmVlbiUzRSUzQyUyRmlmcmFtZSUzRQ==&#8221;][\/vc_column][\/vc_row]<\/p>\n","protected":false},"excerpt":{"rendered":"<p>[vc_row][vc_column][vc_row_inner][vc_column_inner width=&#8221;1\/2&#8243; css=&#8221;.vc_custom_1486988325061{margin-bottom: 30px !important;}&#8221; offset=&#8221;vc_col-lg-3 vc_col-md-3&#8243;][\/vc_column_inner][vc_column_inner width=&#8221;1\/2&#8243; css=&#8221;.vc_custom_1486988337707{margin-bottom: 30px !important;}&#8221; offset=&#8221;vc_col-lg-3 vc_col-md-3&#8243;][\/vc_column_inner][vc_column_inner width=&#8221;1\/2&#8243; css=&#8221;.vc_custom_1486988349273{margin-bottom: 30px !important;}&#8221; offset=&#8221;vc_col-lg-3 vc_col-md-3&#8243;][\/vc_column_inner][vc_column_inner width=&#8221;1\/2&#8243; css=&#8221;.vc_custom_1486988312064{margin-bottom: 30px !important;}&#8221; offset=&#8221;vc_col-lg-3 vc_col-md-3&#8243;][\/vc_column_inner][\/vc_row_inner][vc_row_inner][vc_column_inner width=&#8221;1\/2&#8243; css=&#8221;.vc_custom_1486988381236{margin-bottom: 30px !important;}&#8221; offset=&#8221;vc_col-lg-8 vc_col-md-6&#8243;][vc_column_text][\/vc_column_text][\/vc_column_inner][vc_column_inner width=&#8221;1\/2&#8243; css=&#8221;.vc_custom_1486988394617{margin-bottom: 30px !important;}&#8221; offset=&#8221;vc_col-lg-4 vc_col-md-6&#8243;][\/vc_column_inner][\/vc_row_inner][vc_row_inner][vc_column_inner width=&#8221;1\/3&#8243; css=&#8221;.vc_custom_1633454448424{margin-bottom: 30px !important;}&#8221; offset=&#8221;vc_col-lg-4 vc_col-md-3&#8243;][\/vc_column_inner][vc_column_inner width=&#8221;1\/3&#8243; css=&#8221;.vc_custom_1633454455696{margin-bottom: 30px !important;}&#8221; offset=&#8221;vc_col-lg-4 vc_col-md-3&#8243;][vc_empty_space height=&#8221;36px&#8221;][\/vc_column_inner][vc_column_inner width=&#8221;1\/3&#8243; css=&#8221;.vc_custom_1633454462912{margin-bottom: 30px !important;}&#8221; offset=&#8221;vc_col-lg-4 [&hellip;]<\/p>\n","protected":false},"author":1,"featured_media":0,"parent":0,"menu_order":0,"comment_status":"closed","ping_status":"closed","template":"templates\/page-vc_compatible.php","meta":[],"_links":{"self":[{"href":"https:\/\/aslfinance.eu\/index.php\/wp-json\/wp\/v2\/pages\/2661"}],"collection":[{"href":"https:\/\/aslfinance.eu\/index.php\/wp-json\/wp\/v2\/pages"}],"about":[{"href":"https:\/\/aslfinance.eu\/index.php\/wp-json\/wp\/v2\/types\/page"}],"author":[{"embeddable":true,"href":"https:\/\/aslfinance.eu\/index.php\/wp-json\/wp\/v2\/users\/1"}],"replies":[{"embeddable":true,"href":"https:\/\/aslfinance.eu\/index.php\/wp-json\/wp\/v2\/comments?post=2661"}],"version-history":[{"count":6,"href":"https:\/\/aslfinance.eu\/index.php\/wp-json\/wp\/v2\/pages\/2661\/revisions"}],"predecessor-version":[{"id":669629,"href":"https:\/\/aslfinance.eu\/index.php\/wp-json\/wp\/v2\/pages\/2661\/revisions\/669629"}],"wp:attachment":[{"href":"https:\/\/aslfinance.eu\/index.php\/wp-json\/wp\/v2\/media?parent=2661"}],"curies":[{"name":"wp","href":"https:\/\/api.w.org\/{rel}","templated":true}]}}